9) - 20
39
Calculate -23 + (23 - ((12 - 1) + -51)).
40
47 + -42 - 0 - (0 + 11) - 13 - 15
-34
(40 - 23) + (26 - 12)
31
Calculate (107 - 55) + -77 - 0.
-25
What is (-13 - (1 + 0)) + -77 + -8 + (9 - -6)?
-84
Calculate (-2 - (6 + -17) - 7) + (32 - (11 - 7)).
30
-11 - ((-52 - (59 - 96)) + 8 + 1)
-5
What is the value of 18 + -16 + -17 + (17 + -1 - 11) + -82?
-92
Calculate -24 + (82 - 30) + -27 + 8.
9
(117 - 46) + -158 + 169
82
Evaluate 34 + -1 + (117 - (-38 + 71)).
117
Calculate 11539 + -11553 - (-2 - (-2 - -75)).
61
Calculate -7 + (-17 + 33 - 33 - -32).
8
-22 + 21 + (-5 - 7) - (39 + -6)
-46
Calculate -7 + (0 + -1 - (3 - -3) - 5 - -10).
-9
What is -1 + 25 + 2 - (4 + -12 - -2)?
32
What is the value of 66 - (1 + -18 + 2 - (-3 - -10))?
88
0 + 4 + 3 + 64 + 17 + -37
51
What is 0 - -75 - (257 - 254) - (3 - -9)?
60
(-23 - (22 - 22) - -30) + -26
-19
Evaluate 12 + -61 + (6 + 32 + -34 - (-4 + -2)).
-39
What is the value of 83 + -48 + -62 - -10?
-17
Calculate 3 - (-1 - -4 - 8) - (0 + 0 + 17).
-9
Calculate (14 - (0 - (13 + -12) - (1 - 0))) + -4.
12
What is (7 - -1 - 1) + -5 + (1 - (50 - -9))?
-56
What is 24 + 13 + 2 + 40 + -41?
38
Calculate (80 - 8) + (2 - 31 - -4).
47
Calculate (30 - 18) + 10 + -13 + 8 - -131.
148
Evaluate 126 - 22 - (132 - 59).
31
-79 + 19 + (219 - 237)
-78
Calculate (0 - -19) + (620 - 636) - (2 + -6).
7
Evaluate 42 - 58 - -11 - 34.
-39
What is the value of (4 - 3) + -1 + (213 - 198)?
15
Calculate (-4 - -51) + -23 - (9 - 8).
23
What is 22 - 26 - -26 - -30?
52
What is 32 + -191 + -99 + 193?
-65
1199 + -1215 + -1 + (16 - -1)
0
What is (-20 - (68 + -24)) + 62?
-2
Evaluate (23 - (34 + -29)) + -9.
9
Calculate 13 - (47 - (-12 + 71)).
25
What is -34 - (51 + -107 + 130)?
-108
What is 12 + -2 + 3 - (-33 + (-7 - -10))?
43
What is the value of -1 + 0 - 0 - (1332 - 1367) - 2 - 5?
27
What is -17 + 48 + -69 + 38?
0
Evaluate (5 - 26 - -4) + (15 - 37 - -30) + -83.
-92
What is the value of 57 + -46 + (51 - 36)?
26
Calculate 1 + (-6 + -51 + 8 + -3 - 4).
-55
-55 + (-97 - (65 + -153))
-64
(-133 + 86 - -27) + (-92 - (-1 - -1))
-112
Calculate 51 + (-42 - (43 + -28)).
-6
What is 894 + -840 - (-1 + 103)?
-48
Evaluate 17 + 25 + (32 - 14) - (11 + -1 + 2).
48
Evaluate -19 + (28 + -24 - 36).
-51
-79 - -138 - (-6 + 47)
18
Evaluate -76 + 77 - ((-5 - -13) + 35 - 8).
-34
What is the value of -1503 + 1597 + -47 + 1?
48
What is 38 + (11 + (11 - -11) - 20)?
51
What is the value of (9 - (0 + 1 - -12)) + (-10 - (14 - 8))?
-20
Calculate (-85 - -170) + -86 + 33.
32
What is 2 + -16 + (-5 - -6) + 40?
27
Evaluate 113 - 101 - (-60 + 8 - -12).
52
What is (-11 + -40 - -22) + 17 - -58 - (-11 - 1)?
58
What is -19 + -3 + 45 - 2 - (-3 + 1)?
23
Calculate 1 - (-5 + 23 + -10) - -36 - 5 - 0.
24
Calculate (-433 - -472) + (25 - 5).
59
1 - (-70 + 103) - -60
28
Evaluate (35 + -17 - 28) + 8 - -5.
3
What is the value of -16 + (45 - 42) - (-30 + 1) - -11?
27
Evaluate 42 - (-38 - (-1 + -21)).
58
-14 - (0 - (-1 - 8)) - (80 - 84)
-19
What is 0 + -19 - 0 - (-186 + 169) - (0 + 5)?
-7
What is -126 + (12 - -51) + 3?
-60
Calculate (-64 - -57) + (-2 - 3 - 2) - 46.
-60
Calculate -36 - (-3 - (-3 + 12 + -36)).
-60
What is (-752 - -756) + 0 + -44?
-40
Calculate -2 + 2 - (0 + -14) - ((-87 - -42) + 75).
-16
Evaluate -2 + -82 + (-84 - -90).
-78
(3 - 3 - -1 - -3) + (97 - 6 - 4)
91
Calculate 0 + -20 + (-3 - -31) + 29 + -49.
-12
What is the value of -3 - ((-50 - -72) + (4 - -5))?
-34
Calculate (-16 - -8 - -2) + -11 + 1 + 9 - -4.
-3
Calculate (7 - 0 - (4 + -7)) + (18 - 25) + -11.
-8
Evaluate 23 - (49 - (-10 - (2 + 18))).
-56
(-2 - (-7 - (-1 - (39 + 2)))) + -8
-45
Calculate (-78 - 5) + 19 + (-1 - 7 - -1) + 10.
-61
What is (3 - 118) + (2670 - 2411)?
144
What is the value of 100 + (-67 - (-23 + 1)) - 12?
43
What is the value of (3 - (-5 + 6) - 0) + (-28 - (-13 + 6))?
-19
Calculate 0 + 49 + (9 + -39 - (-7 - 31)).
57
What is the value of ((-4 - -107) + -11 - 11) + 9 + (6 - -6)?
102
Calculate -3 + 4 - -15 - (-653 - -661).
8
Evaluate 63 - (-111 + (54 - -42)).
78
What is -94 - (-182 - -66) - (0 + 41)?
-19
What is the value of -6 + (-25 - -64) - (9 - 17)?
41
-17 - -26 - 8 - 21 - 3
-23
What is (-13 - (-21 + (4 - -32))) + 37?
9
Calculate -1 + 10 - (24 + 29 - 1 - 4).
-39
What is 44 + -17 + -7 + 26 - 16?
30
Calculate 0 + (-3 - (-20 - (-17 + 7))) + -22 + 7.
-8
Calculate 54 + (-3 + 0 + -1 + 17 - (8 + -6)).
65
(-44 - -36) + 32 + -2 + 4 + 6
32
What is the value of -54 - -43 - (9 + (-5 - (8 + -9)))?
-16
What is the value of -3 + 5 + 3 + (8 + 6 - 16) - 42?
-39
What is (-26 - 4) + (-23 + -22 + 29 - -5)?
-41
Evaluate -56 + 36 + 27 + 32.
39
Evaluate -22756 + 22647 + (0 - 0).
-109
Calculate 39 - (20 - -14) - (4 - -72).
-71
What is the value of (110 - 96) + -15 - ((-66 - 10) + 1 + 3)?
71
Calculate (80 - (168 - 56)) + -44.
-76
Evaluate (-37 - (5 - 3)) + 30 + -95 + 74.
-30
Evaluate (36 - (6 + 62)) + -29.
-61
What is the value of 7 - ((-19 + 15 - 167) + 42 - (1 - 7))?
130
What is the value of 0 + -1 - (57 + -118 - (-34 - -3))?
29
What is 40 + 11 + 27 - 33?
45
Evaluate (-9 - 32) + (8 - -129).
96
What is the value of (-1 - -5 - (22 + -30)) + 10 - 11?
11
What is the value of 0 + -34 - (-989 + 981)?
-26
Calculate (-4 - 24 - -5 - -85) + 0 + -13 + -7.
42
-4 + (0 - 4) + 7 + -41 + 65
23
What is the value of ((-13 - (-28 + 1)) + -34 - 11) + -10?
-41
(19 + -1 - ((78 - 103) + 13)) + -4
26
-202 + 206 + (1 - -1) + -2 + 2 + -12
-6
Calculate (2 - 0 - (-5 - -9 - 9)) + 16 + -67.
-44
Calculate (-1 - -51) + (59 + 53 - 133).
29
Evaluate 0 - (47 - ((8 + -23 - -18) + -20)).
-64
-26 + 1 + (166 + -41 - 98)
2
What is the value of -3 + -29 + 16 - -22 - 20?
-14
What is (-6 - (-11 - -12)) + (26 + 19 - 28)?
10
Evaluate -11 - ((14 - (12 - -6 - 9)) + -20 + 6).
-2
-7 + 1 + -3 + 14 + 2 + -8 - -33
32
What is 8 - (0 + -7 + 5 - (29 + -39))?
0
What is (-1 - 1) + (-21 - -32 - -73 - 20 - 25)?
37
What is the value of -1 - -27 - (6299 - 6346)?
73
Calculate (15 - 1) + (457 - 462) + 28.
37
What is (64 - 31) + -48 - -64?
49
Evaluate -11 - ((-108 - -17) + 49 + -93).
124
Calculate -9 - (8 + 5 + 9 + -13 + -10).
-8
What is 17 + 9 + (-10 - -1) + -13 + 7?
11
What is -4419 + 4401 - (-3 + (-2 - (-2 + 2)))?
-13
What is the value of (85 + -91 - (60 - 1)) + 9 + -1?
-57
What is 86 + 57 + -5 + -84?
54
What is 18 + (5 - 8) - (-16 - ((-17 - -41) + -29))?
26
What is 75 + ((21 - 1) + -11 - 17) + -6 + 4?
65
41 + -26 + 6 - (-33 - (4 + -8))
50
Calculate (1 - 39) + (-1 - (14 - (-14 - -23))).
-44
Calculate -1634 + 1627 + (-26 - 2).
-35
(-1140 + 1130 - (0 - (2 - (1 - -13)))) + 1
-21
-36 + (2 - (1 + 1) - (-216 - -223))
-43
Evaluate -300 + 304 + (0 - 1) - -21.
24
What is 58 + (-86 + 99 - (12 + -4))?
63
25 + -25 + 17 + (-7 - -62)
72
Evaluate (-212 - -194) + (3 - 4 - 30).
-49
Calculate (-71 - -106 - 77) + -9.
-51
Evaluate 3 + -3 + (0 + -12 - (-88 + 61)).
15
What is -20 - (0 - 2) - (197 - (154 - -31))?
-30
Evaluate 299 + -312 - (4 + (-8 - 3)).
-6
(-3 + 2 - 5) + (3 - (0 - (14 + 53)))
64
Calculate -13 + (6 + -3 - 2) - (-408 - -398).
-2
Calculate -35 - (-34 + 7 + 2 - -6).
-16
What is the value of 41 + -37 + -3 + (23 - 0) - 71?
-47
What is the value of (-104 - -103) + -132 + 87?
-46
What is the value of 0 + 28 - (-12 + (44 + -12 + -4 - 26))?
38
What is (-28 - 2) + (88 - 61) + -80?
-83
What is the value of -3 + 4 - -2 - (-12 + 14 - (14 - 28))?
-13
What is the value of 1 + -3 + 10 - (-75 + 15 - -56)?
12
Evaluate (2 - 9 - 16) + 10.
-13
(-7 - (-7 - (-5 + 5))) + 4 + (-68 - -68)
4
26 - (54 + -48) - (1 - 24)
43
Evaluate 15 - -3 - ((32 - (12 - -24)) + -42).
64
Calculate 5 + (26 + 1 - 21) + -44.
-33
Calculate -97 - ((-7 - -7) + 130 + -155).
-72
22 + 3 + -249 + 201
-23
Calculate -1 + (-16 + -5 - -44) - 37.
-15
What is the value of 20 + 26 + 10 - (14 - (-12 - -9))?
39
Calculate 117 - 0 - 13 - (228 - 205).
81
What is -33 + 2 + -1 + (6 - (72 - 54))?
-44
What is (319 - 319) + (0 - -57) + -3 + 3?
57
10 - 5 - -73 - (-758 + 748)
88
Evaluate 11 + (31 + -47 - -67) + -12.
50
Calculate (1826 - 1800) + (1 - -13).
40
Evaluate 72 - 90 - -19 - (-24 + 1).
24
What is the value of (-161 - (-264 - -98)) + (-1 - 15) + -2?
-13
115 + -91 + 56 + (-4 - (-7 - (10 + -1)))
92
What is 10 - (29 + (-112 - -29))?
64
Evaluate (-1 - (-9 - 26)) + -43 + 52.
43
What is the value of 1157 + -1098 - (9 + -11 + 13 + -1)?
49
What is -2 - -107 - (-9 + (0 - -1) + 760 +